*d - 55*d, -4*l = 3*d - 13224. What are the prime factors of l?
3, 367
Suppose -5*r = -3*l + 5788, 5*l + 3*r - 13899 = -4207. Suppose -5*b - 1144 = l. What are the prime factors of b/(-7) - (5 - 0)?
83
Let p(k) = -103*k - 1705. List the prime factors of p(-93).
2, 31, 127
Suppose -5*v = -5*b + 5, -3*b - 37 = 2*v + 3*v. Let y(n) = -33*n + 62. What are the prime factors of y(v)?
227
Let s = 44 + -41. Suppose -s*c + 746 = 8*t - 4*t, -5*t - 1255 = -5*c. Suppose -125 = -3*g + c. List the prime factors of g.
5
Let k = -4159 - -5491. List the prime factors of k.
2, 3, 37
Let d(j) = j**2 - j + 5. Suppose -2*p = -0*p - 90. Suppose -b + p = 4*b. List the prime factors of d(b).
7, 11
Suppose -57*q + 43376 + 47938 = 0. What are the prime factors of q?
2, 3, 89
Let b(q) = 7*q**2 + 721*q + 217. List the prime factors of b(-105).
7, 241
Suppose -7*b + 78 = 15. Suppose -b*h = 2*h - 33. Suppose -h*l + 9 = -81. List the prime factors of l.
2, 3, 5
Let x = 18875 - -52453. List the prime factors of x.
2, 3, 743
Let w(x) = 109*x**3 - 4*x**2 - 6*x + 2. Let h be w(-3). Let u = -1938 - h. What are the prime factors of u?
1021
Suppose 11*s + 686 = 6*s + 4*d, 2*d = 4*s + 544. Suppose -989 = -4*u + 3*f - 0*f, u + f = 249. Let r = u + s. What are the prime factors of r?
2, 3, 19
Let w = 5 - -160. List the prime factors of (w/(-220))/(-2*2/1104).
3, 23
Let t(r) = r**2 - 27*r + 114. Let q be t(22). Let c(f) = 11*f**2 - 6*f - 8. List the prime factors of c(q).
2, 3
Let l(j) be the first derivative of j**4/4 - 6*j**3 + 23*j**2/2 - 25*j + 1. Let n be l(17). Suppose -2*r + 107 + n = 0. What are the prime factors of r?
2, 23
Let b(t) = -1005*t + 418. List the prime factors of b(-5).
5443
Suppose -4*c - 470 = -586. Suppose c*v = 18*v + 8360. List the prime factors of v.
2, 5, 19
Let b(r) = 32772*r**2 - 416*r - 417. What are the prime factors of b(-1)?
32771
Let t(p) = 3*p**2 + 11*p - 1. Let u be t(-4). Suppose -2*s = -u*s + 67. What are the prime factors of s?
67
Suppose 0 = 36*d - 65*d + 786451. What are the prime factors of d?
47, 577
Suppose 3672 = -17*a + 25*a. Suppose 12*g - a = 1125. List the prime factors of g.
2, 3, 11
Let y(g) = -g**2 + 8*g - 8. Let l be y(6). Let w be 6/32*480/45. Suppose -3*i + 407 = w*x, -602 = -2*x - x + l*i. What are the prime factors of x?
2, 101
Let s(m) = 2*m - 3. Let k(r) = 35*r - 193. Let t(i) = k(i) + 6*s(i). What are the prime factors of t(40)?
1669
Suppose 0 = -t + i + 22601, 134877 = 4*t + 5*i + 44455. List the prime factors of t.
7, 3229
List the prime factors of 27378 - (0 - -21 - 15).
2, 3, 2281
Suppose -100*t - 20*r + 58625 = -95*t, 23434 = 2*t + 4*r. What are the prime factors of t?
3, 1301
Let z = -76 - -55. Let l be 2/((-12)/z) - (-5)/(-10). Suppose -50 = 2*b - 4*k - 172, 2*b - 123 = l*k. What are the prime factors of b?
3, 7
Suppose -2*b = 5*h - 330, -165 = -b - 3*h + 4*h. List the prime factors of (2070/25)/(22/b).
3, 23
Let r = 10 + -8. Let d be -2 + 2 - (r + -60). List the prime factors of (d - 3)*(2 - 1).
5, 11
Let x(q) = q**3 + 13*q**2 - 14*q - 6. Let v be x(-14). List the prime factors of 1 + v + 7 - -243.
5, 7
Let w be -1 - 244/(-10) - (-177)/295. Suppose 1011 = 27*j - w*j. List the prime factors of j.
337
Suppose -1148 = 38*p - 334066. List the prime factors of p.
8761
Let c be ((-8)/(-6))/4*12. Let j = 4 - 2. Suppose c*b - 454 = 5*i, -b + 226 = b - j*i. List the prime factors of b.
3, 37
Let q = -135 + 137. Suppose q*y - 4*m + 90 = 4*y, -3*m = 0. List the prime factors of y.
3, 5
Let k = 20456 - 9383. What are the prime factors of k?
3, 3691
Let w(a) = -5*a**2 - 31*a - 13. Let c be w(-6). What are the prime factors of 1311 - -3*(8 + c)?
2, 3, 73
Let v = -689 - -5392. What are the prime factors of v?
4703
Let u = 21008 - 9760. What are the prime factors of u?
2, 19, 37
Let p be (816/(-64))/(6/80). Let m = 206 + p. What are the prime factors of m?
2, 3
Suppose 1048050 = 87*m - 455087 + 509858. What are the prime factors of m?
7, 233
Let p(u) = u**3 - 61*u**2 + 117*u - 190. Let f be p(59). Let h be ((-32)/(-10) - 2)*300. Let g = f + h. What are the prime factors of g?
3, 37
Suppose -p + 112 = 4*s, -3*s + 44 = p - 71. Suppose -110 = 4*t + 5*c, -2*t - p = 2*t - 2*c. List the prime factors of 24/t*(2 - 157).
2, 31
Let c(p) = 6*p + 418 - 239 + p - 235. Let h be c(20). Suppose -h = 21*f - 22*f. List the prime factors of f.
2, 3, 7
Let n be 62/6*(-55 + -2). Let b = -411 - n. What are the prime factors of b?
2, 89
Suppose 0 = 16*g - 2*g - 616. Suppose 0 = 37*t - g*t + 3290. List the prime factors of t.
2, 5, 47
Suppose 2*v = -f + 3*f - 332, -2*v + 8 = 0. Suppose -4*z - f + 1202 = 0. Suppose u = -4*w + z, -2*w - w = 5*u - 202. List the prime factors of w.
2
Let x(l) = -l**3 + 7*l**2 + 6*l + 24. Let t be x(8). Suppose t = 4*y - 8, -4*q - 4*y = -1632. List the prime factors of q.
2, 101
Suppose -40915 = -15091*q + 15086*q. List the prime factors of q.
7, 167
Let t(p) = 3*p**2 + 24*p + 10. Suppose -13*a = 204 - 22. List the prime factors of t(a).
2, 131
Suppose 5*x - 7800 = -5*x. Suppose -3*u - 2*u = v - 176, 4*v = -u + x. Suppose 9*c = 727 - v. What are the prime factors of c?
59
Suppose 5*d - 1490 = -2*w, -d - 274 + 565 = -w. What are the prime factors of d?
2, 37
Let n(u) = -161*u - 251. Let b be (4/8)/((-8)/176). What are the prime factors of n(b)?
2, 5, 19
Let t be ((-6)/15 - (-3)/20)*-12. Suppose 3 = -3*f, -p - f = t*p - 3287. What are the prime factors of 24/(-120) - 2*p/(-20)?
2, 41
Let y(p) = 6*p**3 - 30*p**2 - 13*p + 68. Let m(d) = -7*d**3 + 31*d**2 + 12*d - 66. Let x(a) = 5*m(a) + 6*y(a). List the prime factors of x(27).
2, 3, 5, 7
Let f = 109 + -53. Let u be f/(-48)*3*24/(-7). List the prime factors of (9/2)/(6/96*u).
2, 3
Suppose -i - 9 + 35 = 0. Let y = i - 27. List the prime factors of 485/15 + y/3.
2
Let v(g) = 13*g**2 - 5*g - 6. Let m be v(-2). Let y = m - 21. Suppose 34*a - y*a = -68. What are the prime factors of a?
2, 17
Suppose m - 6250 = 26*m. Let u = -210 - m. What are the prime factors of u?
2, 5
Suppose 11*u = 10*u. Let x be u/(-4) + 16/(8 - 4). Suppose -q = x*p - 895, 5*p - 3*q - 1118 = -4*q. What are the prime factors of p?
223
Suppose 0 = 42*k - 9102 + 50556. Let m = 1416 + k. What are the prime factors of m?
3, 11, 13
Let k(y) = 11*y**3 + 2*y**2 - y - 2. Let x be k(-1). What are the prime factors of (-5)/(-1) - (x - 44)?
59
Suppose -138*z + 179*z - 463587 = 0. What are the prime factors of z?
3, 3769
Let n = 343 + -341. Suppose 568 = i - 3*o, n*i - 2217 = -2*i + o. What are the prime factors of i?
7, 79
Let h = 119 + -113. Let t be 6/36 - (-9539)/h. Suppose 9*y - t = 696. List the prime factors of y.
2, 127
Let n be 23*-13 - (2 + -8). Let c = n + 896. List the prime factors of c.
3, 67
Let g = 252 + -289. Let u = g - -315. List the prime factors of u.
2, 139
Let s be (-388)/32 - (-5)/40. List the prime factors of ((-66)/s + -6)/(2/(-12)).
3
Suppose 4*o = -28, 2*b - 5*b + 4*o + 59371 = 0. What are the prime factors of b?
131, 151
Let v be (4/(-2) - -601)/1. Let o = v - 117. Suppose -t = 2*t + 2*w - o, -5*t + 812 = -w. List the prime factors of t.
2, 3
Let j(h) = -h**3 + h**2 + 1. Suppose t = 3*y + 5*t + 12, -6 = -y + 2*t. Let m be j(y). List the prime factors of ((-3)/(-4))/(m/104).
2, 3, 13
Let f be 850/(-765) - (-18290)/18. What are the prime factors of -10 + f - 4/((-8)/2)?
2, 503
Suppose 941*q + 48 = 945*q. Let k(d) = d**3 - 9*d**2 + 20*d + 26. List the prime factors of k(q).
2, 349
Let v(w) = -w**2 + 3*w + 14. Let g be v(6). Let c be (64 - g) + (-1)/((-1)/1). Let j = c - -51. What are the prime factors of j?
2, 3, 5
Suppose -3*w - 2*m + 161 = 0, -2*w + 3*m = 5*m - 104. Let c be 8 + 4 + -10 + 0. Suppose 3*a - a - u = 23, -5*a + w = -c*u. What are the prime factors of a?
11
Let a = -2134 - -3836. Let i = a - 618. What are the prime factors of i?
2, 271
Let q = 61 + 19. Suppose 0 = 5*m - 5*u - 875, -3*u = -m - 36 + 219. Let v = m - q. List the prime factors of v.
7, 13
Suppose 82 = 2*l + 78. Suppose 0 = -2*r - l*a - 3*a + 370, 5*a = 0. What are the prime factors of r?
5, 37
Let l be 1 - 12/(-10)*(-130)/3. Let j = l - -22. Let x = j - -36. List the prime factors of x.
7
Suppose 157*f = -161*f + 314*f + 180240. List the prime factors of f.
2, 3, 5, 751
Suppose 9*h - 2101 + 11834 - 71527 = 0. List the pri